digit of 27645558?
5
What is the thousands digit of 841426?
1
What is the hundred thousands digit of 1260424?
2
What is the hundreds digit of 254301?
3
What is the ten thousands digit of 200866?
0
What is the tens digit of 195331?
3
What is the tens digit of 6763326?
2
What is the hundreds digit of 226569?
5
What is the thousands digit of 5871410?
1
What is the hundred thousands digit of 569655?
5
What is the ten thousands digit of 1774826?
7
What is the ten thousands digit of 3990097?
9
What is the tens digit of 765517?
1
What is the units digit of 704275?
5
What is the tens digit of 17639088?
8
What is the thousands digit of 2414880?
4
What is the units digit of 1878654?
4
What is the thousands digit of 7208266?
8
What is the thousands digit of 814156?
4
What is the units digit of 388767?
7
What is the hundred thousands digit of 508961?
5
What is the hundred thousands digit of 8471595?
4
What is the ten thousands digit of 112000?
1
What is the hundred thousands digit of 16294674?
2
What is the units digit of 3955972?
2
What is the hundreds digit of 96788?
7
What is the thousands digit of 592405?
2
What is the units digit of 1393088?
8
What is the units digit of 3700632?
2
What is the hundreds digit of 479924?
9
What is the millions digit of 3452259?
3
What is the units digit of 344238?
8
What is the hundred thousands digit of 21875561?
8
What is the hundred thousands digit of 354965?
3
What is the thousands digit of 246406?
6
What is the thousands digit of 296317?
6
What is the hundred thousands digit of 229861?
2
What is the hundreds digit of 1137509?
5
What is the hundred thousands digit of 131853?
1
What is the thousands digit of 1427441?
7
What is the millions digit of 17272207?
7
What is the ten thousands digit of 10414369?
1
What is the units digit of 1665427?
7
What is the hundreds digit of 2938603?
6
What is the millions digit of 3325446?
3
What is the hundred thousands digit of 5494083?
4
What is the units digit of 16123436?
6
What is the hundred thousands digit of 920887?
9
What is the thousands digit of 545933?
5
What is the millions digit of 4358268?
4
What is the ten thousands digit of 22455773?
5
What is the units digit of 289941?
1
What is the hundred thousands digit of 18682631?
6
What is the ten thousands digit of 173387?
7
What is the millions digit of 7641765?
7
What is the hundred thousands digit of 160467?
1
What is the hundred thousands digit of 3902503?
9
What is the millions digit of 1851118?
1
What is the hundred thousands digit of 8124972?
1
What is the hundred thousands digit of 394265?
3
What is the hundreds digit of 113293?
2
What is the tens digit of 291533?
3
What is the thousands digit of 10330757?
0
What is the units digit of 404318?
8
What is the thousands digit of 480183?
0
What is the units digit of 18840010?
0
What is the ten thousands digit of 686146?
8
What is the units digit of 3020479?
9
What is the ten thousands digit of 248699?
4
What is the tens digit of 36837829?
2
What is the thousands digit of 38478?
8
What is the thousands digit of 97242?
7
What is the tens digit of 482086?
8
What is the hundreds digit of 767687?
6
What is the thousands digit of 28905673?
5
What is the ten thousands digit of 1076844?
7
What is the hundreds digit of 18637?
6
What is the tens digit of 31823?
2
What is the ten thousands digit of 426389?
2
What is the tens digit of 1236052?
5
What is the millions digit of 5069155?
5
What is the ten thousands digit of 267663?
6
What is the thousands digit of 1497721?
7
What is the ten thousands digit of 366577?
6
What is the tens digit of 867922?
2
What is the hundred thousands digit of 6589544?
5
What is the ten thousands digit of 4935454?
3
What is the hundreds digit of 254179?
1
What is the hundred thousands digit of 111498?
1
What is the units digit of 48752?
2
What is the units digit of 6578335?
5
What is the units digit of 1043186?
6
What is the thousands digit of 6117?
6
What is the tens digit of 866724?
2
What is the hundreds digit of 21387378?
3
What is the hundreds digit of 16563?
5
What is the ten thousands digit of 525477?
2
What is the units digit of 3416081?
1
What is the millions digit of 21453185?
1
What is the hundreds digit of 69542?
5
What is the units digit of 7811803?
3
What is the hundreds digit of 71351?
3
What is the thousands digit of 790349?
0
What is the ten thousands digit of 636261?
3
What is the tens digit of 2211946?
4
What is the units digit of 1509814?
4
What is the units digit of 1486031?
1
What is the units digit of 4139234?
4
What is the tens digit of 542181?
8
What is the thousands digit of 826751?
6
What is the hundred thousands digit of 40934536?
9
What is the millions digit of 6348780?
6
What is the millions digit of 9069025?
9
What is the hundreds digit of 3447183?
1
What is the millions digit of 20467395?
0
What is the units digit of 644152?
2
What is the hundred thousands digit of 10089589?
0
What is the hundred thousands digit of 659075?
6
What is the units digit of 527532?
2
What is the hundred thousands digit of 256731?
2
What is the ten thousands digit of 7588863?
8
What is the tens digit of 96334?
3
What is the tens digit of 7143515?
1
What is the tens digit of 259370?
7
What is the tens digit of 1802708?
0
What is the thousands digit of 234603?
4
What is the hundred thousands digit of 380297?
3
What is the units digit of 330619?
9
What is the ten thousands digit of 442712?
4
What is the tens digit of 12786500?
0
What is the hundred thousands digit of 381238?
3
What is the hundred thousands digit of 746442?
7
What is the ten thousands digit of 6359004?
5
What is the hundreds digit of 144820?
8
What is the units digit of 1496898?
8
What is the millions digit of 3321533?
3
What is the millions digit of 1509535?
1
What is the hundreds digit of 9541?
5
What is the millions digit of 1159601?
1
What is the millions digit of 3796163?
3
What is the tens digit of 897897?
9
What is the ten thousands digit of 580736?
8
What is the millions digit of 3206336?
3
What is the tens digit of 86946?
4
What is the tens digit of 43404?
0
What is the hundreds digit of 1635705?
7
What is the ten thousands digit of 2327904?
2
What is the thousands digit of 29879?
9
What is the millions digit of 12236013?
2
What is the hundreds digit of 202709?
7
What is the units digit of 493430?
0
What is the thousands digit of 109805?
9
What is the tens digit of 10763033?
3
What is the tens digit of 3502762?
6
What is the tens digit of 7114573?
7
What is the thousands digit of 576595?
6
What is the thousands digit of 891804?
1
What is the units digit of 690854?
4
What is the hundreds digit of 137302?
3
What is the units digit of 185368?
8
What is the millions digit of 2335649?
2
What is the hundreds digit of 14653396?
3
What is the ten thousands digit of 10277460?
7
What is the hundred thousands digit of 1084985?
0
What is the units digit of 193911?
1
What is the thousands digit of 1063973?
3
What is the hundreds digit of 205482?
4
What is the tens digit of 13804313?
1
What is the ten thousands digit of 24452756?
5
What is the tens digit of 6066175?
7
What is the thousands digit of 4370198?
0
What is the units digit of 15852592?
2
What is the thousands digit of 903149?
3
What is the hundreds digit of 568706?
7
What is the ten thousands digit of 7781317?
8
What is the thousands digit of 4782108?
2
What is the millions digit of 4438996?
4
What is the millions digit of 17842590?
7
What is the units digit of 594410?
0
What is the tens digit of 305624?
2
What is the hundreds digit of 21137876?
8
What is the ten thousands digit of 474374?
7
What is the thousands digit of 357034?
7
What is the millions digit of 6421360?
6
What is the thousands digit of 4915790?
5
What is the ten thousands digit of 510865?
1
What is the tens digit of 1503175?
7
What is the hundreds digit of 37420313?
3
What is the hundred thousands digit of 227988?
2
What is the hundred thousands digit of 216807?
2
What is the ten thousands digit of 321259?
2
What is the hundred thousands digit of 10470472?
4
What is the ten thousands digit of 3290367?
9
What is the thousands digit of 2833616?
3
What is the hundred thousands digit of 20250173?
2
What is the millions digit of 21050000?
1
What is the units digit